{"id":911,"date":"2021-07-14T16:17:11","date_gmt":"2021-07-14T15:17:11","guid":{"rendered":"https:\/\/juventudvallekas.com\/?post_type=product&#038;p=911"},"modified":"2023-08-29T12:41:36","modified_gmt":"2023-08-29T11:41:36","slug":"bermuda-de-paseo","status":"publish","type":"product","link":"https:\/\/juventudvallekas.com\/index.php\/producto\/bermuda-de-paseo\/","title":{"rendered":"Bermuda de paseo"},"content":{"rendered":"","protected":false},"excerpt":{"rendered":"<p>Pantal\u00f3n negro de entrenamiento<\/p>\n<ul>\n<li>Composici\u00f3n: 100% poli\u00e9ster<\/li>\n<li>Tejido t\u00e9cnico<\/li>\n<li><a href='https:\/\/juventudvallekas.com\/index.php\/guia-de-tallas\/' class='small-button smalllightblue' target=\"_blank\">Gu\u00eda de Tallas<\/a><\/li>\n<\/ul>\n","protected":false},"featured_media":919,"template":"","meta":{"_et_pb_use_builder":"","_et_pb_old_content":"","_et_gb_content_width":""},"product_brand":[],"product_cat":[56],"product_tag":[],"class_list":{"0":"post-911","1":"product","2":"type-product","3":"status-publish","4":"has-post-thumbnail","6":"product_cat-outlet","8":"first","9":"instock","10":"shipping-taxable","11":"purchasable","12":"product-type-variable","13":"has-default-attributes"},"yoast_head":"<!-- This site is optimized with the Yoast SEO plugin v27.4 - https:\/\/yoast.com\/product\/yoast-seo-wordpress\/ -->\n<title>Bermuda de paseo - juventudvallekas.com<\/title>\n<meta name=\"robots\" content=\"index, follow, max-snippet:-1, max-image-preview:large, max-video-preview:-1\" \/>\n<link rel=\"canonical\" href=\"https:\/\/juventudvallekas.com\/index.php\/producto\/bermuda-de-paseo\/\" \/>\n<meta property=\"og:locale\" content=\"es_ES\" \/>\n<meta property=\"og:type\" content=\"article\" \/>\n<meta property=\"og:title\" content=\"Bermuda de paseo - juventudvallekas.com\" \/>\n<meta property=\"og:description\" content=\"Pantal\u00f3n negro de entrenamiento   Composici\u00f3n: 100% poli\u00e9ster  Tejido t\u00e9cnico\" \/>\n<meta property=\"og:url\" content=\"https:\/\/juventudvallekas.com\/index.php\/producto\/bermuda-de-paseo\/\" \/>\n<meta property=\"og:site_name\" content=\"juventudvallekas.com\" \/>\n<meta property=\"article:modified_time\" content=\"2023-08-29T11:41:36+00:00\" \/>\n<meta property=\"og:image\" content=\"http:\/\/juventudvallekas.com\/wp-content\/uploads\/2021\/07\/Bermudas-jhon-smith.jpg.png\" \/>\n\t<meta property=\"og:image:width\" content=\"400\" \/>\n\t<meta property=\"og:image:height\" content=\"400\" \/>\n\t<meta property=\"og:image:type\" content=\"image\/png\" \/>\n<meta name=\"twitter:card\" content=\"summary_large_image\" \/>\n<meta name=\"twitter:site\" content=\"@GuillenPrim\" \/>\n<script type=\"application\/ld+json\" class=\"yoast-schema-graph\">{\"@context\":\"https:\\\/\\\/schema.org\",\"@graph\":[{\"@type\":\"WebPage\",\"@id\":\"https:\\\/\\\/juventudvallekas.com\\\/index.php\\\/producto\\\/bermuda-de-paseo\\\/\",\"url\":\"https:\\\/\\\/juventudvallekas.com\\\/index.php\\\/producto\\\/bermuda-de-paseo\\\/\",\"name\":\"Bermuda de paseo - juventudvallekas.com\",\"isPartOf\":{\"@id\":\"https:\\\/\\\/juventudvallekas.com\\\/#website\"},\"primaryImageOfPage\":{\"@id\":\"https:\\\/\\\/juventudvallekas.com\\\/index.php\\\/producto\\\/bermuda-de-paseo\\\/#primaryimage\"},\"image\":{\"@id\":\"https:\\\/\\\/juventudvallekas.com\\\/index.php\\\/producto\\\/bermuda-de-paseo\\\/#primaryimage\"},\"thumbnailUrl\":\"https:\\\/\\\/juventudvallekas.com\\\/wp-content\\\/uploads\\\/2021\\\/07\\\/Bermudas-jhon-smith.jpg.png\",\"datePublished\":\"2021-07-14T15:17:11+00:00\",\"dateModified\":\"2023-08-29T11:41:36+00:00\",\"breadcrumb\":{\"@id\":\"https:\\\/\\\/juventudvallekas.com\\\/index.php\\\/producto\\\/bermuda-de-paseo\\\/#breadcrumb\"},\"inLanguage\":\"es\",\"potentialAction\":[{\"@type\":\"ReadAction\",\"target\":[\"https:\\\/\\\/juventudvallekas.com\\\/index.php\\\/producto\\\/bermuda-de-paseo\\\/\"]}]},{\"@type\":\"ImageObject\",\"inLanguage\":\"es\",\"@id\":\"https:\\\/\\\/juventudvallekas.com\\\/index.php\\\/producto\\\/bermuda-de-paseo\\\/#primaryimage\",\"url\":\"https:\\\/\\\/juventudvallekas.com\\\/wp-content\\\/uploads\\\/2021\\\/07\\\/Bermudas-jhon-smith.jpg.png\",\"contentUrl\":\"https:\\\/\\\/juventudvallekas.com\\\/wp-content\\\/uploads\\\/2021\\\/07\\\/Bermudas-jhon-smith.jpg.png\",\"width\":400,\"height\":400},{\"@type\":\"BreadcrumbList\",\"@id\":\"https:\\\/\\\/juventudvallekas.com\\\/index.php\\\/producto\\\/bermuda-de-paseo\\\/#breadcrumb\",\"itemListElement\":[{\"@type\":\"ListItem\",\"position\":1,\"name\":\"Portada\",\"item\":\"https:\\\/\\\/juventudvallekas.com\\\/\"},{\"@type\":\"ListItem\",\"position\":2,\"name\":\"Bermuda de paseo\"}]},{\"@type\":\"WebSite\",\"@id\":\"https:\\\/\\\/juventudvallekas.com\\\/#website\",\"url\":\"https:\\\/\\\/juventudvallekas.com\\\/\",\"name\":\"juventudvallekas.com\",\"description\":\"Juventud Vallekas\",\"publisher\":{\"@id\":\"https:\\\/\\\/juventudvallekas.com\\\/#organization\"},\"potentialAction\":[{\"@type\":\"SearchAction\",\"target\":{\"@type\":\"EntryPoint\",\"urlTemplate\":\"https:\\\/\\\/juventudvallekas.com\\\/?s={search_term_string}\"},\"query-input\":{\"@type\":\"PropertyValueSpecification\",\"valueRequired\":true,\"valueName\":\"search_term_string\"}}],\"inLanguage\":\"es\"},{\"@type\":\"Organization\",\"@id\":\"https:\\\/\\\/juventudvallekas.com\\\/#organization\",\"name\":\"JUVENTUD VALLEKAS\",\"url\":\"https:\\\/\\\/juventudvallekas.com\\\/\",\"logo\":{\"@type\":\"ImageObject\",\"inLanguage\":\"es\",\"@id\":\"https:\\\/\\\/juventudvallekas.com\\\/#\\\/schema\\\/logo\\\/image\\\/\",\"url\":\"http:\\\/\\\/juventudvallekas.com\\\/wp-content\\\/uploads\\\/2021\\\/01\\\/cropped-PRIM-COLOR-TRANSPARENTE.png\",\"contentUrl\":\"http:\\\/\\\/juventudvallekas.com\\\/wp-content\\\/uploads\\\/2021\\\/01\\\/cropped-PRIM-COLOR-TRANSPARENTE.png\",\"width\":512,\"height\":512,\"caption\":\"JUVENTUD VALLEKAS\"},\"image\":{\"@id\":\"https:\\\/\\\/juventudvallekas.com\\\/#\\\/schema\\\/logo\\\/image\\\/\"},\"sameAs\":[\"https:\\\/\\\/x.com\\\/GuillenPrim\",\"https:\\\/\\\/www.instagram.com\\\/epmiguelguillenprim\\\/?hl=es\",\"https:\\\/\\\/www.youtube.com\\\/channel\\\/UCWEGj4-4BvuqM4M3KmCPM6Q\"]}]}<\/script>\n<!-- \/ Yoast SEO plugin. -->","yoast_head_json":{"title":"Bermuda de paseo - juventudvallekas.com","robots":{"index":"index","follow":"follow","max-snippet":"max-snippet:-1","max-image-preview":"max-image-preview:large","max-video-preview":"max-video-preview:-1"},"canonical":"https:\/\/juventudvallekas.com\/index.php\/producto\/bermuda-de-paseo\/","og_locale":"es_ES","og_type":"article","og_title":"Bermuda de paseo - juventudvallekas.com","og_description":"Pantal\u00f3n negro de entrenamiento   Composici\u00f3n: 100% poli\u00e9ster  Tejido t\u00e9cnico","og_url":"https:\/\/juventudvallekas.com\/index.php\/producto\/bermuda-de-paseo\/","og_site_name":"juventudvallekas.com","article_modified_time":"2023-08-29T11:41:36+00:00","og_image":[{"width":400,"height":400,"url":"http:\/\/juventudvallekas.com\/wp-content\/uploads\/2021\/07\/Bermudas-jhon-smith.jpg.png","type":"image\/png"}],"twitter_card":"summary_large_image","twitter_site":"@GuillenPrim","schema":{"@context":"https:\/\/schema.org","@graph":[{"@type":"WebPage","@id":"https:\/\/juventudvallekas.com\/index.php\/producto\/bermuda-de-paseo\/","url":"https:\/\/juventudvallekas.com\/index.php\/producto\/bermuda-de-paseo\/","name":"Bermuda de paseo - juventudvallekas.com","isPartOf":{"@id":"https:\/\/juventudvallekas.com\/#website"},"primaryImageOfPage":{"@id":"https:\/\/juventudvallekas.com\/index.php\/producto\/bermuda-de-paseo\/#primaryimage"},"image":{"@id":"https:\/\/juventudvallekas.com\/index.php\/producto\/bermuda-de-paseo\/#primaryimage"},"thumbnailUrl":"https:\/\/juventudvallekas.com\/wp-content\/uploads\/2021\/07\/Bermudas-jhon-smith.jpg.png","datePublished":"2021-07-14T15:17:11+00:00","dateModified":"2023-08-29T11:41:36+00:00","breadcrumb":{"@id":"https:\/\/juventudvallekas.com\/index.php\/producto\/bermuda-de-paseo\/#breadcrumb"},"inLanguage":"es","potentialAction":[{"@type":"ReadAction","target":["https:\/\/juventudvallekas.com\/index.php\/producto\/bermuda-de-paseo\/"]}]},{"@type":"ImageObject","inLanguage":"es","@id":"https:\/\/juventudvallekas.com\/index.php\/producto\/bermuda-de-paseo\/#primaryimage","url":"https:\/\/juventudvallekas.com\/wp-content\/uploads\/2021\/07\/Bermudas-jhon-smith.jpg.png","contentUrl":"https:\/\/juventudvallekas.com\/wp-content\/uploads\/2021\/07\/Bermudas-jhon-smith.jpg.png","width":400,"height":400},{"@type":"BreadcrumbList","@id":"https:\/\/juventudvallekas.com\/index.php\/producto\/bermuda-de-paseo\/#breadcrumb","itemListElement":[{"@type":"ListItem","position":1,"name":"Portada","item":"https:\/\/juventudvallekas.com\/"},{"@type":"ListItem","position":2,"name":"Bermuda de paseo"}]},{"@type":"WebSite","@id":"https:\/\/juventudvallekas.com\/#website","url":"https:\/\/juventudvallekas.com\/","name":"juventudvallekas.com","description":"Juventud Vallekas","publisher":{"@id":"https:\/\/juventudvallekas.com\/#organization"},"potentialAction":[{"@type":"SearchAction","target":{"@type":"EntryPoint","urlTemplate":"https:\/\/juventudvallekas.com\/?s={search_term_string}"},"query-input":{"@type":"PropertyValueSpecification","valueRequired":true,"valueName":"search_term_string"}}],"inLanguage":"es"},{"@type":"Organization","@id":"https:\/\/juventudvallekas.com\/#organization","name":"JUVENTUD VALLEKAS","url":"https:\/\/juventudvallekas.com\/","logo":{"@type":"ImageObject","inLanguage":"es","@id":"https:\/\/juventudvallekas.com\/#\/schema\/logo\/image\/","url":"http:\/\/juventudvallekas.com\/wp-content\/uploads\/2021\/01\/cropped-PRIM-COLOR-TRANSPARENTE.png","contentUrl":"http:\/\/juventudvallekas.com\/wp-content\/uploads\/2021\/01\/cropped-PRIM-COLOR-TRANSPARENTE.png","width":512,"height":512,"caption":"JUVENTUD VALLEKAS"},"image":{"@id":"https:\/\/juventudvallekas.com\/#\/schema\/logo\/image\/"},"sameAs":["https:\/\/x.com\/GuillenPrim","https:\/\/www.instagram.com\/epmiguelguillenprim\/?hl=es","https:\/\/www.youtube.com\/channel\/UCWEGj4-4BvuqM4M3KmCPM6Q"]}]}},"_links":{"self":[{"href":"https:\/\/juventudvallekas.com\/index.php\/wp-json\/wp\/v2\/product\/911","targetHints":{"allow":["GET"]}}],"collection":[{"href":"https:\/\/juventudvallekas.com\/index.php\/wp-json\/wp\/v2\/product"}],"about":[{"href":"https:\/\/juventudvallekas.com\/index.php\/wp-json\/wp\/v2\/types\/product"}],"wp:featuredmedia":[{"embeddable":true,"href":"https:\/\/juventudvallekas.com\/index.php\/wp-json\/wp\/v2\/media\/919"}],"wp:attachment":[{"href":"https:\/\/juventudvallekas.com\/index.php\/wp-json\/wp\/v2\/media?parent=911"}],"wp:term":[{"taxonomy":"product_brand","embeddable":true,"href":"https:\/\/juventudvallekas.com\/index.php\/wp-json\/wp\/v2\/product_brand?post=911"},{"taxonomy":"product_cat","embeddable":true,"href":"https:\/\/juventudvallekas.com\/index.php\/wp-json\/wp\/v2\/product_cat?post=911"},{"taxonomy":"product_tag","embeddable":true,"href":"https:\/\/juventudvallekas.com\/index.php\/wp-json\/wp\/v2\/product_tag?post=911"}],"curies":[{"name":"wp","href":"https:\/\/api.w.org\/{rel}","templated":true}]}}